2
Calculate the highest common factor of 136 and 9384.
136
Calculate the greatest common divisor of 9 and 101.
1
Calculate the greatest common divisor of 22 and 3333.
11
What is the highest common factor of 1575 and 15?
15
Calculate the highest common divisor of 17 and 833.
17
What is the greatest common divisor of 128 and 34?
2
Calculate the greatest common divisor of 60 and 24.
12
What is the highest common factor of 320 and 260?
20
Calculate the greatest common divisor of 855 and 360.
45
What is the greatest common factor of 2258 and 2?
2
What is the highest common divisor of 131 and 6288?
131
Calculate the highest common divisor of 111 and 27528.
111
Calculate the greatest common divisor of 7381 and 549.
61
Calculate the greatest common divisor of 24 and 420.
12
What is the greatest common factor of 16 and 6?
2
Calculate the greatest common factor of 61 and 66551.
61
What is the highest common divisor of 180 and 7640?
20
What is the greatest common factor of 8 and 128?
8
Calculate the highest common divisor of 60 and 1020.
60
What is the greatest common factor of 1 and 53?
1
Calculate the highest common factor of 107 and 2247.
107
Calculate the greatest common divisor of 14 and 1414.
14
What is the highest common factor of 738 and 164?
82
What is the highest common divisor of 29974 and 28?
14
What is the greatest common divisor of 66 and 3234?
66
Calculate the greatest common divisor of 338 and 26.
26
What is the highest common factor of 352 and 512?
32
What is the greatest common factor of 318 and 54?
6
Calculate the greatest common factor of 1112 and 8.
8
What is the highest common factor of 5 and 2495?
5
What is the greatest common divisor of 441 and 819?
63
Calculate the highest common factor of 14410 and 110.
110
Calculate the highest common factor of 2296 and 504.
56
Calculate the highest common divisor of 4374 and 216.
54
Calculate the highest common factor of 48 and 264.
24
What is the greatest common factor of 279 and 155?
31
Calculate the highest common divisor of 1 and 3.
1
What is the greatest common factor of 455 and 140?
35
Calculate the highest common factor of 28 and 644.
28
What is the greatest common divisor of 280 and 65?
5
Calculate the greatest common divisor of 598 and 52.
26
Calculate the greatest common divisor of 19 and 1406.
19
Calculate the greatest common divisor of 108 and 162.
54
What is the highest common factor of 207 and 5865?
69
Calculate the greatest common divisor of 80 and 304.
16
Calculate the greatest common divisor of 3 and 159.
3
What is the highest common divisor of 185 and 5513?
37
What is the highest common factor of 19998 and 198?
198
What is the greatest common divisor of 722 and 76?
38
What is the greatest common factor of 95 and 6745?
95
What is the highest common divisor of 245 and 8526?
49
What is the greatest common factor of 895 and 5?
5
Calculate the highest common factor of 12282 and 356.
178
Calculate the greatest common factor of 1003 and 1593.
59
Calculate the highest common factor of 1953 and 63.
63
What is the highest common factor of 792 and 440?
88
What is the greatest common divisor of 45 and 1818?
9
Calculate the greatest common factor of 1253 and 112.
7
What is the highest common divisor of 297 and 1584?
99
Calculate the highest common factor of 77 and 198.
11
Calculate the greatest common factor of 208 and 3848.
104
What is the greatest common divisor of 40 and 920?
40
Calculate the greatest common factor of 7 and 37.
1
Calculate the greatest common factor of 154 and 242.
22
Calculate the greatest common factor of 9522 and 36.
18
What is the greatest common divisor of 1390 and 10?
10
What is the highest common factor of 70 and 21?
7
What is the greatest common divisor of 28 and 602?
14
What is the highest common divisor of 675 and 81?
27
What is the highest common factor of 366 and 7869?
183
What is the highest common factor of 196 and 56?
28
Calculate the greatest common factor of 1260 and 1330.
70
What is the highest common divisor of 32 and 496?
16
Calculate the greatest common factor of 4182 and 102.
102
Calculate the highest common divisor of 66 and 726.
66
What is the greatest common divisor of 385 and 990?
55
Calculate the greatest common factor of 26 and 104.
26
What is the greatest common divisor of 545 and 1199?
109
What is the greatest common divisor of 18 and 3258?
18
Calculate the highest common divisor of 609 and 21.
21
What is the greatest common factor of 8 and 512?
8
Calculate the highest common factor of 2100 and 315.
105
Calculate the greatest common factor of 39 and 403.
13
What is the highest common factor of 7714 and 76?
38
Calculate the greatest common factor of 928 and 48.
16
Calculate the greatest common divisor of 27 and 189.
27
Calculate the highest common divisor of 767 and 39.
13
Calculate the highest common divisor of 8235 and 1220.
305
What is the greatest common factor of 37810 and 380?
190
Calculate the highest common divisor of 234 and 1989.
117
What is the highest common factor of 3519 and 306?
153
What is the greatest common divisor of 1529 and 11?
11
Calculate the highest common factor of 1360 and 240.
80
What is the highest common factor of 270 and 5790?
30
What is the highest common divisor of 14 and 1820?
14
Calculate the greatest common divisor of 182 and 700.
14
What is the highest common divisor of 260 and 268?
4
Calculate the greatest common divisor of 1545 and 75.
15
Calculate the highest common factor of 2448 and 96.
48
Calculate the highest common factor of 729 and 17253.
243
What is the greatest common factor of 672 and 273?
21
Calculate the highest common divisor of 2 and 23.
1
What is the highest common factor of 6 and 3246?
6
What is the greatest common factor of 15 and 2055?
15
What is the greatest common divisor of 49022 and 386?
386
What is the greatest common factor of 874 and 76?
38
What is the highest common factor of 4 and 3?
1
What is the greatest common factor of 916 and 44?
4
What is the greatest common factor of 42 and 1106?
14
Calculate the highest common divisor of 441 and 196.
49
Calculate the greatest common divisor of 28 and 1666.
14
Calculate the highest common factor of 198 and 462.
66
What is the greatest common divisor of 17 and 1037?
17
Calculate the greatest common factor of 14 and 21.
7
Calculate the greatest common factor of 54 and 24.
6
What is the highest common factor of 1884 and 84?
12
What is the highest common factor of 8 and 472?
8
Calculate the greatest common factor of 78 and 138.
6
What is the highest common divisor of 6348 and 108?
12
What is the highest common divisor of 19945 and 5?
5
What is the greatest common divisor of 530 and 1484?
106
What is the highest common divisor of 124 and 4?
4
What is the highest common divisor of 176 and 2882?
22
What is the highest common factor of 15 and 21?
3
What is the highest common divisor of 826 and 14?
14
Calculate the highest common divisor of 64 and 4.
4
What is the highest common factor of 494 and 8?
2
Calculate the highest common factor of 1764 and 1127.
49
Calculate the highest common factor of 91 and 26.
13
What is the greatest common divisor of 42 and 16359?
21
What is the highest common factor of 71 and 142?
71
Calculate the highest common divisor of 396 and 468.
36
Calculate the highest common divisor of 120 and 300.
60
Calculate the highest common divisor of 3 and 309.
3
What is the highest common divisor of 45 and 711?
9
Calculate the highest common factor of 2144 and 737.
67
Calculate the greatest common factor of 392 and 490.
98
What is the highest common factor of 3 and 1569?
3
What is the highest common factor of 191 and 4011?
191
What is the highest common divisor of 612 and 68?
68
Calculate the highest common factor of 7472 and 8.
8
Calculate the greatest common factor of 25 and 800.
25
Calculate the highest common divisor of 2222 and 404.
202
Calculate the greatest common factor of 8034 and 78.
78
What is the greatest common divisor of 141884 and 316?
316
Calculate the greatest common factor of 7 and 2723.
7
What is the greatest common factor of 962 and 1221?
37
Calculate the greatest common divisor of 1513 and 85.
17
Calculate the highest common divisor of 42 and 350.
14
Calculate the greatest common divisor of 126 and 18.
18